t common factor of a and g?
11
Let n(a) = -a**2 - 4*a + 7. Let y be n(-5). Let v be 26/y - (0 - 0). Suppose 351 - 39 = 6*o. Calculate the highest common factor of v and o.
13
Let t = -85 + 95. Let f be (6/(-1))/1 + t. Suppose 0 = g - 5*g + 16. Calculate the greatest common factor of f and g.
4
Let m be 50/(-8) - (-6)/(-8). Let h = 6 + m. Let s be h - -1*13/1. What is the highest common factor of s and 60?
12
Let t be (-2)/((-12)/(-18))*(-24)/2. What is the highest common divisor of 36 and t?
36
Suppose 5 = 33*w - 34*w, 4*m = 2*w + 894. Calculate the greatest common factor of 104 and m.
13
Suppose 1150 = 6*x + 730. Calculate the highest common factor of x and 21.
7
Suppose -1335*h + 48 = -1327*h. Calculate the highest common factor of 384 and h.
6
Let o be ((-490)/(-196))/(0 + (-2)/(-36)). What is the highest common factor of o and 9?
9
Suppose 0 = -c - 5*h + 840, -3*c + 1750 = -3*h - 806. Calculate the highest common divisor of 50 and c.
50
Let t = 34 + -29. Suppose -l = -t*l + 352. Let b = -14 - -22. What is the greatest common factor of b and l?
8
Let u(d) = 18*d - 6. Let q be u(4). Suppose 423 = 3*r + q. Calculate the highest common divisor of 17 and r.
17
Suppose 3*l - 70 = -4*m, 5*l = -m + 2*l + 22. Suppose 12*o - m*o + 36 = 0. Calculate the highest common factor of o and 72.
9
Let f(o) = 27*o - 173. Let m be f(15). Calculate the highest common factor of m and 16.
8
Let v = -166 - -326. Calculate the greatest common divisor of 130 and v.
10
Let b(t) = 7 - 3 + t - 1 - 2. Let d be b(4). Calculate the highest common factor of d and 25.
5
Suppose -5*y - 4*r + 55 = -12, -4*r + 7 = y. Let z = 15 - y. Suppose -3*k + 4*k - 31 = z. Calculate the highest common divisor of k and 31.
31
Let d(n) = n**3 + 13*n**2 + 13*n + 18. Let q = 36 + -48. Let x be d(q). What is the greatest common divisor of 48 and x?
6
Let q(c) = -3*c**2 + 19*c - 6. Let y be q(6). Suppose 3*r - 5*r + 208 = y. What is the greatest common divisor of r and 13?
13
Suppose 5*q = 2*v - 160, -20*q = -25*q + 10. Calculate the highest common factor of 51 and v.
17
Let g(i) = -36*i + i**2 - 35*i + 72*i + 3. Suppose r + 6 = -r - c, 4*c + 12 = -4*r. Let m be g(r). Calculate the greatest common factor of m and 6.
3
Let z be (-9 + 10)*1*703. Suppose 5*j + a = z, 3*j + 210 = -3*a + 639. Calculate the greatest common factor of j and 20.
20
Let p be 2/(-10) - 52/(-10). Let m be (-119)/(-3) + 4/12. Calculate the greatest common divisor of p and m.
5
Let o = 6 - 3. Suppose o*x - 57 = 3. Let w = 1590 + -1585. What is the greatest common divisor of x and w?
5
Suppose 5*w + 245 = 8*a - 3*a, -241 = -5*a + w. Calculate the greatest common divisor of 3 and a.
3
Suppose -o = -3*q + 378, o = 3*q - 3*o - 378. Calculate the greatest common factor of 216 and q.
18
Let m = 313 - 301. What is the greatest common factor of m and 1452?
12
Let a(n) = 13*n + 559. Let z be a(-42). What is the highest common divisor of 2 and z?
1
Suppose -o + 3*l = -72, -o - 3*l + 168 = 2*o. Let u be ((-2)/(-3) + 0)*o. Calculate the highest common divisor of u and 10.
10
Suppose i - s = 42, -i = 3*i - 5*s - 167. Calculate the highest common factor of 301 and i.
43
Suppose -41 = -3*p + 2*c, 2*p - c - 3*c - 14 = 0. Let l = 36 - 28. Suppose -l*d + 561 = -5*d. What is the highest common factor of p and d?
17
Let c(r) = 4*r - 1. Let w = 3 + 1. Suppose -3 = -w*q + 3*k, -7 = -q - 5*k + 11. Let x be c(q). Calculate the highest common divisor of x and 33.
11
Suppose -s + i = -16, 8*i = -5*s + 7*i + 56. Calculate the greatest common factor of s and 1608.
12
Let v be -2 + 3/((-3)/(-10)). Let r(o) = -48*o - 80. Let b be r(-2). Calculate the highest common divisor of b and v.
8
Suppose -2*v + 10614 = 4*t, 3*v = -t + 6*t - 13240. What is the highest common divisor of t and 11?
11
Let z = 142 - 40. Suppose 5*b = -12 + z. Suppose 4*k - 22 - b = 0. What is the greatest common divisor of 2 and k?
2
Let q(a) = -a**2 - 12*a - 31. Suppose d + 3 = -2. Let l be q(d). Calculate the greatest common factor of 10 and l.
2
Let b(c) = c**2 + 4*c + 4. Let h be b(-10). Let d = h - 28. Suppose 7*i + 11*i = 216. Calculate the highest common factor of d and i.
12
Let n be 1 + -1 + (-128)/(-4). Let c = 19 - 11. Suppose -a + c = -n. Calculate the highest common factor of 20 and a.
20
Suppose 0 = 3*m, -104 - 121 = -5*r + 5*m. Let j(z) = 4*z + 2*z**2 + 21*z**2 + 1 - 5*z**2 - 3*z. Let b be j(-1). Calculate the greatest common factor of b and r.
9
Suppose -4*m + 11 = -i + m, 0 = 5*i + 2*m - 26. Suppose 334 = 6*x + i. What is the greatest common factor of x and 5?
5
Suppose -165 = -3*y - 108. Calculate the greatest common divisor of 152 and y.
19
Suppose 23 = 5*l - 3*r, 4*l + 4*r = 2*l + 4. Let y(j) = 2 + j**2 + 0*j**2 + 2. Let p be y(l). What is the highest common factor of p and 30?
10
Let r(u) = 2*u**3 - 19*u**2 + 10*u + 9. Let a be r(9). Let c be 3/(-1*(-2)/a). What is the highest common divisor of 18 and c?
9
Suppose -29 = r - 50. Calculate the highest common divisor of r and 462.
21
Let k be 1/(4/20) - 4. Let m(f) = 12*f**2 + 3*f - 3. Let c be m(k). What is the greatest common factor of c and 12?
12
Suppose -10*h + 15 = -9*h. Let d = h - 18. Let v = 85 - d. What is the greatest common divisor of v and 11?
11
Let t(b) = -b**3 - 11*b**2 - 18*b - 50. Let h be t(-12). Calculate the greatest common divisor of 10 and h.
10
Let b = 65 - 62. Let j be (2*b - 0) + 38/(-19). What is the highest common divisor of j and 32?
4
Let v be 2 - 4 - (55 - 76). Calculate the greatest common divisor of 1349 and v.
19
Let q(o) = 10*o**3 + o**2 - 2*o - 6. Let z be q(-2). Let k = 134 + z. Calculate the highest common factor of k and 84.
28
Suppose -4*v - 2*a = -88, -4*a = 4*v - 9*v + 84. Suppose t + h = 21, -3*h = 2*h - v. Calculate the highest common divisor of 17 and t.
17
Suppose -11*s + 7*s + 5*p = -78, 4*s = p + 86. Calculate the greatest common factor of s and 55.
11
Let j = 118 + -55. Calculate the highest common factor of j and 35.
7
Let c = 131 - 127. What is the greatest common factor of c and 10?
2
Let r(g) be the third derivative of g**4/8 + 10*g**3/3 - 11*g**2. Let h be r(10). Calculate the highest common factor of 25 and h.
25
Let i = 2769 - 2428. What is the greatest common factor of i and 22?
11
Suppose 15*a - 9*a - 1794 = 0. What is the highest common divisor of 39 and a?
13
Suppose -4*h + 2*y + 102 = 0, -4*y = -4*h - 5*y + 117. Calculate the highest common factor of 49 and h.
7
Let z be (3/(-9))/(3/(-279)). Suppose -56*d + 63*d - 1519 = 0. Calculate the greatest common factor of d and z.
31
Let y(j) = j**3 - 23*j**2 + 42*j + 90. Let f be y(21). Let g = 36 - 18. What is the highest common factor of f and g?
18
Suppose -3*i - 5 = -4*a + 5, -3*i = -3*a + 6. What is the greatest common factor of 44 and a?
4
Let c = -126 - -68. Let a = c + 72. What is the highest common divisor of 21 and a?
7
Let g(a) = 44*a. Let o be g(1). Let x be 1/(-2*(-4)/16). Suppose 0*c + 2*c - 40 = -x*b, 0 = b + 2. What is the highest common factor of o and c?
22
Let y = 3075 - 3071. What is the greatest common divisor of y and 1108?
4
Let y(j) = 2*j**3 + 2*j**2 + 10*j - 20. Let u be y(4). What is the highest common factor of 504 and u?
36
Let u(p) be the third derivative of p**5/60 + p**4/4 - 7*p**3/2 + 3*p**2. Let n be u(-9). What is the highest common factor of n and 12?
6
Suppose -7*i + 71 = 43. What is the highest common divisor of i and 92?
4
Let d be 50/(-75) + (-17)/(-3). Suppose -3*c + 2 = -5*p - d, -2*p = -2. Calculate the highest common factor of c and 12.
4
Suppose 11*n - 10*n = k - 1619, -5*k - 5*n + 8065 = 0. Calculate the greatest common divisor of k and 16.
16
Let z be 0 + 10 + -3 + 5. Let g = -14 + z. Let k be 4*g/(-4) - -22. Calculate the highest common factor of k and 264.
24
Suppose -4 = 2*u - 4*g - 116, -4*g - 162 = -3*u. What is the highest common factor of 125 and u?
25
Suppose -5*f - 37 = -4*v, -6*v - f = -5*v + 2. Let d = 139 + -77. Let g = -59 + d. What is the greatest common factor of g and v?
3
Suppose 0*a = -4*a - 60. Let t be 9/a - 92/(-20). Suppose 5*p = -2*b + 20, 0 = t*b - 4*p + 3*p - 40. Calculate the highest common factor of 50 and b.
10
Suppose -5*v = -3*i - 151, -i + 6*i - 2*v + 220 = 0. Let l be (-721)/(-8) + ((-33)/24)/11. Let x = l + i. What is the highest com